14. Determine d(-11).
3
Let m(t) = -t**3 - 3*t**2 + 9*t + 22. What is m(-5)?
27
Let v(f) = -9*f - 3. Determine v(-1).
6
Let b(u) = -5*u + 24. Calculate b(5).
-1
Let b(z) = -3*z**2 - 7*z + 10. Give b(-5).
-30
Let t(z) = z - 6. Calculate t(12).
6
Let u(y) = -y**3 - 5*y**2 + 4. What is u(-5)?
4
Let v(i) = i**2 + 19*i - 53. Give v(-22).
13
Let a(t) = 3*t**3 + 33*t**2 + t + 20. Determine a(-11).
9
Let x(g) = g**3 + 7*g**2 + 3*g + 7. Calculate x(-7).
-14
Let q(u) = -6*u - 87. Give q(-17).
15
Let j(m) = 13*m**2 + 145*m - 1. Calculate j(-11).
-23
Let q(l) = 14*l**2 - 9*l + 2. Determine q(2).
40
Let a(u) = u**3 + 37*u**2 + 39*u + 110. Calculate a(-36).
2
Let z(a) = -2*a**2 + 14*a - 7. What is z(7)?
-7
Let o(m) = 8*m + 292. What is o(-37)?
-4
Let s(q) = -q**3 - 7*q**2 - 11*q - 8. What is s(-4)?
-12
Let p(h) = h**2 - 7*h - 12. Calculate p(10).
18
Let c(t) = -t**2 - 7*t + 3. Calculate c(-8).
-5
Let c(n) = -2*n**2 + 2*n + 135. What is c(0)?
135
Let b(o) = o**3 + 3*o**2 + 2*o + 10. Determine b(0).
10
Let q(d) = -7*d - 173. What is q(-25)?
2
Let v(s) = -15*s + 1. What is v(1)?
-14
Let n(u) = 2*u**2 - 10*u + 8. Determine n(5).
8
Let n(j) = j**3 - j**2 - 11*j - 14. Give n(-2).
-4
Let z(c) = -c + 1. Calculate z(7).
-6
Let d(z) = z**3 - z**2 - 9*z + 6. What is d(4)?
18
Let h(f) = -f**2 + 2*f - 16. Calculate h(-6).
-64
Let h(t) = t**2 + 3*t + 1. Give h(0).
1
Let a(u) = -u**3 + 8*u**2 + 9*u + 10. Determine a(9).
10
Let i(a) = -3*a - 65. Give i(-16).
-17
Let o(i) = i**3 + 40*i**2 + 112*i + 11. Determine o(-37).
-26
Let c(w) = 16*w + 8. Calculate c(-4).
-56
Let v(y) = y**3 + 15*y**2 - 15*y + 11. Calculate v(-16).
-5
Let n(l) = -l**2 + 16*l + 3. Give n(16).
3
Let n(b) = -7*b - 10. Determine n(-2).
4
Let r(i) = 28*i + 332. Determine r(-12).
-4
Let q(x) = -x**3 - 10*x**2 - 7*x + 10. What is q(-9)?
-8
Let g(r) = -4*r + 1. Calculate g(1).
-3
Let z(c) = 7*c + 10. Calculate z(-2).
-4
Let k(w) = -2*w - 13. Give k(-5).
-3
Let v(x) = 2*x**3 + 4*x**2 + 2*x + 3. Give v(-3).
-21
Let r(i) = i**2 + 6*i - 19. Calculate r(0).
-19
Let t(u) = -u**3 - 4*u**2 + 3*u + 3. Give t(-3).
-15
Let h(m) = -4*m - 2. Calculate h(-2).
6
Let x(g) = 11*g**2 - 2. Calculate x(2).
42
Let c(u) = -2*u**3 + u**2 - 2*u + 2. What is c(2)?
-14
Let j(r) = -12*r - 6. Determine j(1).
-18
Let u(d) = 23*d**3 + 2*d**2 - d. What is u(1)?
24
Let q(l) = -70*l**2 + l + 2. What is q(-1)?
-69
Let a(m) = -m**3 + 6*m**2 + 3*m - 15. Determine a(5).
25
Let y(r) = -r**3 - 9*r**2 - 9*r - 11. Calculate y(-8).
-3
Let q(n) = n**3 + 16*n**2 - 2*n + 5. Calculate q(-16).
37
Let s(r) = r**3 - 22*r**2 + 20*r + 16. Calculate s(21).
-5
Let b(v) = v**2 - 5*v - 24. Give b(8).
0
Let f(h) = 38*h + 68. Determine f(-2).
-8
Let s(w) = -3*w**2 - 11*w - 10. Determine s(-4).
-14
Let y(r) = 62*r**2 - 2*r. Determine y(1).
60
Let u(a) = -2*a. What is u(0)?
0
Let d(b) = -b**3 + b**2 - b - 5. What is d(4)?
-57
Let c(i) = i**2 + 16*i - 30. What is c(-17)?
-13
Let q(w) = 3*w**2 + 18*w + 52. Calculate q(-9).
133
Let k(v) = v**2 - 7*v. Calculate k(7).
0
Let c(b) = -5*b + 16. Calculate c(12).
-44
Let g(l) = -8*l + 77. Determine g(10).
-3
Let x(k) = 4*k + 53. Determine x(-15).
-7
Let c(l) = -15*l - 34. Give c(-4).
26
Let t(c) = -4*c + 2. Determine t(2).
-6
Let i(a) = -17*a + 24. Give i(2).
-10
Let j(w) = w**3 + 8*w**2 - 2*w - 11. Give j(-8).
5
Let i(x) = 9*x - 152. Give i(19).
19
Let o(i) = -i**3 + 5*i**2 - 2*i + 17. Calculate o(5).
7
Let f(w) = 88*w + 796. What is f(-9)?
4
Let t(h) = -h - 7. Determine t(3).
-10
Let u(c) = -2*c**2 - c + 2. Determine u(0).
2
Let l(p) = -p**2 - 7*p + 4. Calculate l(-9).
-14
Let m(b) = 8*b**2. Give m(-3).
72
Let z(j) = -30*j - 25. Determine z(0).
-25
Let m(d) = 2*d**2 - 11*d - 28. Determine m(-2).
2
Let b(c) = 24*c**3 + c**2 - 1. Give b(1).
24
Let j(y) = -7*y - 38. Calculate j(-3).
-17
Let q(b) = -2*b**2 + 25*b + 4. Determine q(15).
-71
Let m(d) = d**2 + 3*d - 12. What is m(0)?
-12
Let y(s) = -3*s**3 - 2*s**2 - 3*s - 6. Give y(-3).
66
Let u(l) = 2*l**2 - 6*l - 13. What is u(-3)?
23
Let b(n) = -7*n + 19. What is b(-6)?
61
Let y(j) = -j**3 - 25*j**2 - 23*j + 69. What is y(-24)?
45
Let b(t) = -5*t**2 + 32*t - 102. What is b(3)?
-51
Let j(f) = 33*f - 46. Give j(3).
53
Let q(c) = c - 14. Give q(8).
-6
Let a(l) = -9*l + 350. Calculate a(36).
26
Let b(n) = -2*n**2 - 11*n + 4. Give b(-6).
-2
Let x(p) = p**3 - 7*p**2 + 4*p. Give x(6).
-12
Let v(h) = -h**3 - 6*h**2 + 20*h + 12. Give v(-8).
-20
Let n(f) = f - 4. Determine n(11).
7
Let i(n) = 2*n**3 + 10*n**2 - 7*n - 19. What is i(-6)?
-49
Let u(n) = -4*n - 5. What is u(-3)?
7
Let x(g) = 5*g + 14. Calculate x(-4).
-6
Let j(i) = -i**3 + 4*i**2 + 18*i + 16. Calculate j(7).
-5
Let g(b) = -4*b + 14. Determine g(4).
-2
Let w(v) = 16*v + 5. Determine w(-4).
-59
Let k(d) = -d - 2. What is k(12)?
-14
Let s(t) = -2*t**2 + 7*t - 41. Calculate s(7).
-90
Let g(t) = 6*t**2 - 49*t - 6. Calculate g(8).
-14
Let j(q) = -q**2 + q - 71. Give j(0).
-71
Let p(x) = -12*x**2 + 51*x - 8. Give p(4).
4
Let p(f) = -2*f**2 - 12*f + 11. Give p(-7).
-3
Let l(w) = -w**3 - 11*w**2 - 13*w - 32. What is l(-10)?
-2
Let w(z) = -z**3 - 9*z**2 - 14*z - 13. Determine w(-6).
-37
Let v(m) = -m**3 + 3*m**2 - 2*m - 5. What is v(6)?
-125
Let m(f) = -f**3 - 12*f**2 + 14*f - 14. Give m(-13).
-27
Let j(l) = 2*l**2 - 3*l - 5. What is j(-2)?
9
Let o(y) = 20*y**2 - 1. Give o(1).
19
Let g(k) = 21*k - 2. Give g(-2).
-44
Let w(a) = a**2 + 8*a + 4. What is w(-7)?
-3
Let v(p) = -p**3 + 8*p**2 - 6*p - 10. What is v(6)?
26
Let l(n) = n**2 + 2*n. Calculate l(-6).
24
Let d(x) = -2*x**2 + 45*x - 258. Give d(9).
-15
Let u(w) = 31*w**2 + w. Determine u(1).
32
Let z(m) = -2*m**2 - 9*m + 3. Determine z(-5).
-2
Let i(o) = -o**2 + 8*o + 30. What is i(-3)?
-3
Let l(q) = 31*q + 10. Calculate l(2).
72
Let f(a) = 2*a**2 + 62*a + 105. Give f(-29).
-11
Let x(o) = 53*o**2 - o - 1. Determine x(-1).
53
Let y(g) = 7*g + 76. Determine y(-11).
-1
Let y(p) = 2*p + 24. Give y(-9).
6
Let a(i) = -5*i - 35. Determine a(-6).
-5
Let d(n) = -5*n**2 - n - 1. Determine d(3).
-49
Let j(y) = y**2 + 20*y + 11. Give j(-20).
11
Let o(c) = -c**3 - c**2 - 2*c - 14. Calculate o(0).
-14
Let m(v) = v**3 - v**2 + 4*v - 5. What is m(2)?
7
Let k(r) = -7*r**2 + 7*r - 4. Calculate k(3).
-46
Let g(v) = -v**3 - 19*v**2 - 50*v + 7. Calculate g(-16).
39
Let x(m) = -24*m + 113. Give x(5).
-7
Let g(h) = -42*h**3 + 2*h**2 + h. Determine g(-1).
43
Let u(j) = 10*j + 319. What is u(-31)?
9
Let v(n) = -n**3 - 2*n**2 + 3*n + 1. What is v(4)?
-83
Let j(x) = -x**3 + 6*x**2 + 5*x + 6. Give j(7).
-8
Let v(h) = h**2 - 14*h + 31. What is v(11)?
-2
Let k(m) = -12*m + 44. What is k(5)?
-16
Let r(b) = b - 6. Calculate r(13).
7
Let v(r) = r**2 - 4*r - 120. Determine v(13).
-3
Let s(t) = t**3 - 6*t**2 + 10*t - 5. Determine s(4).
3
Let k(w) = -w**2 - 5*w + 17. Give k(-7).
3
Let a(k) = -12*k + 65. Determine a(6).
-7
Let b(a) = -a - 5. Determine b(0).
-5
Let j(s) = -s**2 + 11*s - 15. Calculate j(8).
9
Let w(t) = -t**2 - 20*t + 7. What is w(-18)?
43
Let z(d) = -7*d + 179. Determine z(26).
-3
Let x(c) = c**3 + 2*c**2 - 2*c + 3. Give x(-3).
0
Let k(x) = -x**3 + 4*x**2 - 3*x - 2. What is k(5)?
-42
Let k(l) = l**3 + 10*l**2 + 3*l + 6. Give k(-10).
-24
Let c(d) = -5*d + 38. Calculate c(6).
8
Let y(o) = -4*o**2 + 3*o + 12. Determine y(-2).
-10
Let g(o) = 3*o + 14. Give g(-6).
-4
Let x(z) = -6*z + 34. Give x(5).
4
Let g(u) = -u**3 - 31*u**2 + 41*u + 286. Determine g(-32).
-2
Let a(l) = 5*l + 8. Determine a(-5).
-17
Let r(c) = c**3 - 8*c**2 + 5*c + 5. What is r(7)?
-9
Let m(t) = -t + 66. Determine m(72).
-6
Let p(k) = k**3 - 13*k**2 + 23*k - 8. Calculate p(11).
3
Let v(i) = i**2 - 6*i - 60. What is v(-5)?
-5
Let v(t) = 12*t**2 + 11*t - 37. Determine v(3).
104
Let d(w) = 11*w + 78. What is d(-4)?
34
Let t(w) = -w**3 + 16*w**2 - 27*w - 13. What is t(14)?
1
Let g(f) = -10*f**3 + f - 1. Determine g(-2).
77
Let y(w) = 65*w**2 - 3*w - 4. Give y(-1).
64
Let m(j) = -j**3 + 5*j**2 + 2. Determine m(4).
18
Let v(k) = -k**2 - 23*k - 10. Determine v(-24).
-34
Let f(s) = -45*s + 139. Determine f(3).
4
Let h(g) = g**3 + 13*g**2 + 12*g + 35. Calculate h(-12).
35
Let n(k) = -k - 1. What is n(7)?
-8
Let g(r) = r - 1. What is g(-4)?
-5
Let r(n) = -n**2 + 8*n - 6. What is r(0)?
-6
Let f(r) = 11*r**2 + r. What is f(1)?
12
Let c(t) = t**2 +